{"id":38,"date":"2015-07-10T14:37:57","date_gmt":"2015-07-10T14:37:57","guid":{"rendered":"http:\/\/aecg.pt\/projetoilewa\/?page_id=38"},"modified":"2015-09-30T14:58:53","modified_gmt":"2015-09-30T14:58:53","slug":"calendarizacao-e-atividades","status":"publish","type":"page","link":"https:\/\/aecg.pt\/projetoilewa\/calendarizacao-e-atividades\/","title":{"rendered":"Atividades e calendariza\u00e7\u00e3o"},"content":{"rendered":"<p>De forma a garantir um desenvolvimento sustent\u00e1vel do projeto, a maioria das atividades come\u00e7ar\u00e3o a ser implementadas no 4.\u00ba, 6.\u00ba e 7.\u00ba anos.<br \/>\nComo atr\u00e1s ficou descrito, a inten\u00e7\u00e3o global deste projeto \u00e9 promover o ensino e aprendizagem de acordo com o que se espera do desenvolvimento das compet\u00eancias do s\u00e9culo XXI ou seja, usando como metodologia de suporte o<em> Inquiry based-learning<\/em> e contando com o apoio de tecnologias que permitir\u00e3o promover a colabora\u00e7\u00e3o e o desenvolvimento da criatividade, contribui para o refor\u00e7o da taxa de qualidade do sucesso das diversas \u00e1reas disciplinares, com especial \u00eanfase nas duas disciplinas estruturantes de Portugu\u00eas e Matem\u00e1tica e faz\u00ea-lo nos anos terminais do 1.\u00ba e 2.\u00ba ciclo e no ano inicial do 3.\u00ba ciclo, em que nos parece que poder\u00e1 haver maior impacto destas abordagens. Favorecer-se-\u00e1 tamb\u00e9m uma perspectiva transdisciplinar cruzada em espa\u00e7os diversos de trabalho com os alunos de acordo com as suas necessidades e prefer\u00eancias mas sobretudo de acordo com o que for diagnosticado em Conselho de Turma.<\/p>\n<p>Alguns dos espa\u00e7os de trabalho s\u00e3o os seguintes: Oficina de Portugu\u00eas, Oficina de Matem\u00e1tica, Clube de Jornalismo, Clube Europeu, Clube do Ambiente, Oficina 3D, Biblioteca Escolar, Projetos &#8220;O Museu vem \u00e0 Escola&#8221; e &#8220;Re&#8230; Conhecer&#8221;&#8230;<\/p>\n","protected":false},"excerpt":{"rendered":"<p>De forma a garantir um desenvolvimento sustent\u00e1vel do projeto, a maioria das atividades come\u00e7ar\u00e3o a ser implementadas no 4.\u00ba, 6.\u00ba e 7.\u00ba anos. Como atr\u00e1s ficou descrito, a inten\u00e7\u00e3o global deste projeto \u00e9 promover o ensino e aprendizagem de acordo com o que se espera do desenvolvimento das compet\u00eancias do s\u00e9culo XXI ou seja, usando [&hellip;]<\/p>\n","protected":false},"author":1,"featured_media":0,"parent":0,"menu_order":2,"comment_status":"open","ping_status":"closed","template":"","meta":{"footnotes":""},"class_list":["post-38","page","type-page","status-publish","hentry"],"_links":{"self":[{"href":"https:\/\/aecg.pt\/projetoilewa\/wp-json\/wp\/v2\/pages\/38","targetHints":{"allow":["GET"]}}],"collection":[{"href":"https:\/\/aecg.pt\/projetoilewa\/wp-json\/wp\/v2\/pages"}],"about":[{"href":"https:\/\/aecg.pt\/projetoilewa\/wp-json\/wp\/v2\/types\/page"}],"author":[{"embeddable":true,"href":"https:\/\/aecg.pt\/projetoilewa\/wp-json\/wp\/v2\/users\/1"}],"replies":[{"embeddable":true,"href":"https:\/\/aecg.pt\/projetoilewa\/wp-json\/wp\/v2\/comments?post=38"}],"version-history":[{"count":7,"href":"https:\/\/aecg.pt\/projetoilewa\/wp-json\/wp\/v2\/pages\/38\/revisions"}],"predecessor-version":[{"id":66,"href":"https:\/\/aecg.pt\/projetoilewa\/wp-json\/wp\/v2\/pages\/38\/revisions\/66"}],"wp:attachment":[{"href":"https:\/\/aecg.pt\/projetoilewa\/wp-json\/wp\/v2\/media?parent=38"}],"curies":[{"name":"wp","href":"https:\/\/api.w.org\/{rel}","templated":true}]}}

Atividades e calendarização

<p>De forma a garantir um desenvolvimento sustentável do projeto, a maioria das atividades começarão a ser implementadas no 4.º, 6.º e 7.º anos.<br />
Como atrás ficou descrito, a intenção global deste projeto é promover o ensino e aprendizagem de acordo com o que se espera do desenvolvimento das competências do século XXI ou seja, usando como metodologia de suporte o<em> Inquiry based-learning</em> e contando com o apoio de tecnologias que permitirão promover a colaboração e o desenvolvimento da criatividade, contribui para o reforço da taxa de qualidade do sucesso das diversas áreas disciplinares, com especial ênfase nas duas disciplinas estruturantes de Português e Matemática e fazê-lo nos anos terminais do 1.º e 2.º ciclo e no ano inicial do 3.º ciclo, em que nos parece que poderá haver maior impacto destas abordagens. Favorecer-se-á também uma perspectiva transdisciplinar cruzada em espaços diversos de trabalho com os alunos de acordo com as suas necessidades e preferências mas sobretudo de acordo com o que for diagnosticado em Conselho de Turma.</p>
<p>Alguns dos espaços de trabalho são os seguintes: Oficina de Português, Oficina de Matemática, Clube de Jornalismo, Clube Europeu, Clube do Ambiente, Oficina 3D, Biblioteca Escolar, Projetos &#8220;O Museu vem à Escola&#8221; e &#8220;Re&#8230; Conhecer&#8221;&#8230;</p>

<p>De forma a garantir um desenvolvimento sustentável do projeto, a maioria das atividades começarão a ser implementadas no 4.º, 6.º e 7.º anos. Como atrás ficou descrito, a intenção global deste projeto é promover o ensino e aprendizagem de acordo com o que se espera do desenvolvimento das competências do século XXI ou seja, usando [&hellip;]</p>
