{"id":24,"date":"2015-07-10T14:18:03","date_gmt":"2015-07-10T14:18:03","guid":{"rendered":"http:\/\/aecg.pt\/projetoilewa\/?page_id=24"},"modified":"2015-09-30T15:14:51","modified_gmt":"2015-09-30T15:14:51","slug":"organigrama","status":"publish","type":"page","link":"https:\/\/aecg.pt\/projetoilewa\/organigrama\/","title":{"rendered":"Avalia\u00e7\u00e3o"},"content":{"rendered":"<p>Com a implementa\u00e7\u00e3o deste projeto pretende-se, acompanhando o seu desenvolvimento, aferir o grau de consecu\u00e7\u00e3o dos objetivos, a qualidade dos produtos e as aprendizagens realizadas no \u00e2mbito de cada Projeto\/Atividade\/Oficina.<\/p>\n<p>A avalia\u00e7\u00e3o ser\u00e1 concretizada atrav\u00e9s de:<\/p>\n<p>&#8211; Realiza\u00e7\u00e3o de inqu\u00e9ritos para acompanhamento e regula\u00e7\u00e3o do impacto das atividades: diagn\u00f3stico e avalia\u00e7\u00e3o final;<br \/>\n&#8211; Aferi\u00e7\u00e3o das aprendizagens (Provas de Aferi\u00e7\u00e3o Interna , resultados da Avalia\u00e7\u00e3o Sumativa, Testes Interm\u00e9dios, Provas Finais de Ciclo);<br \/>\n&#8211; Identifica\u00e7\u00e3o da percentagem de alunos que transita com aproveitamento a todas as disciplinas e com aproveitamento a Portugu\u00eas e Matem\u00e1tica;<br \/>\n&#8211; Realiza\u00e7\u00e3o de Reuni\u00f5es extraordin\u00e1rias de Conselho Pedag\u00f3gico (com o intuito de realizar o acompanhamento, monitoriza\u00e7\u00e3o e avalia\u00e7\u00e3o do projeto);<br \/>\n&#8211; Realiza\u00e7\u00e3o de Semin\u00e1rio de Balan\u00e7o e Prospetiva (etapa do processo avaliativo do Agrupamento).<\/p>\n","protected":false},"excerpt":{"rendered":"<p>Com a implementa\u00e7\u00e3o deste projeto pretende-se, acompanhando o seu desenvolvimento, aferir o grau de consecu\u00e7\u00e3o dos objetivos, a qualidade dos produtos e as aprendizagens realizadas no \u00e2mbito de cada Projeto\/Atividade\/Oficina. A avalia\u00e7\u00e3o ser\u00e1 concretizada atrav\u00e9s de: &#8211; Realiza\u00e7\u00e3o de inqu\u00e9ritos para acompanhamento e regula\u00e7\u00e3o do impacto das atividades: diagn\u00f3stico e avalia\u00e7\u00e3o final; &#8211; Aferi\u00e7\u00e3o das [&hellip;]<\/p>\n","protected":false},"author":1,"featured_media":0,"parent":0,"menu_order":4,"comment_status":"open","ping_status":"closed","template":"","meta":{"footnotes":""},"class_list":["post-24","page","type-page","status-publish","hentry"],"_links":{"self":[{"href":"https:\/\/aecg.pt\/projetoilewa\/wp-json\/wp\/v2\/pages\/24","targetHints":{"allow":["GET"]}}],"collection":[{"href":"https:\/\/aecg.pt\/projetoilewa\/wp-json\/wp\/v2\/pages"}],"about":[{"href":"https:\/\/aecg.pt\/projetoilewa\/wp-json\/wp\/v2\/types\/page"}],"author":[{"embeddable":true,"href":"https:\/\/aecg.pt\/projetoilewa\/wp-json\/wp\/v2\/users\/1"}],"replies":[{"embeddable":true,"href":"https:\/\/aecg.pt\/projetoilewa\/wp-json\/wp\/v2\/comments?post=24"}],"version-history":[{"count":4,"href":"https:\/\/aecg.pt\/projetoilewa\/wp-json\/wp\/v2\/pages\/24\/revisions"}],"predecessor-version":[{"id":67,"href":"https:\/\/aecg.pt\/projetoilewa\/wp-json\/wp\/v2\/pages\/24\/revisions\/67"}],"wp:attachment":[{"href":"https:\/\/aecg.pt\/projetoilewa\/wp-json\/wp\/v2\/media?parent=24"}],"curies":[{"name":"wp","href":"https:\/\/api.w.org\/{rel}","templated":true}]}}

Avaliação

<p>Com a implementação deste projeto pretende-se, acompanhando o seu desenvolvimento, aferir o grau de consecução dos objetivos, a qualidade dos produtos e as aprendizagens realizadas no âmbito de cada Projeto/Atividade/Oficina.</p>
<p>A avaliação será concretizada através de:</p>
<p>&#8211; Realização de inquéritos para acompanhamento e regulação do impacto das atividades: diagnóstico e avaliação final;<br />
&#8211; Aferição das aprendizagens (Provas de Aferição Interna , resultados da Avaliação Sumativa, Testes Intermédios, Provas Finais de Ciclo);<br />
&#8211; Identificação da percentagem de alunos que transita com aproveitamento a todas as disciplinas e com aproveitamento a Português e Matemática;<br />
&#8211; Realização de Reuniões extraordinárias de Conselho Pedagógico (com o intuito de realizar o acompanhamento, monitorização e avaliação do projeto);<br />
&#8211; Realização de Seminário de Balanço e Prospetiva (etapa do processo avaliativo do Agrupamento).</p>

<p>Com a implementação deste projeto pretende-se, acompanhando o seu desenvolvimento, aferir o grau de consecução dos objetivos, a qualidade dos produtos e as aprendizagens realizadas no âmbito de cada Projeto/Atividade/Oficina. A avaliação será concretizada através de: &#8211; Realização de inquéritos para acompanhamento e regulação do impacto das atividades: diagnóstico e avaliação final; &#8211; Aferição das [&hellip;]</p>
