{"id":13,"date":"2015-07-10T11:49:41","date_gmt":"2015-07-10T11:49:41","guid":{"rendered":"http:\/\/aecg.pt\/projetoilewa\/?page_id=13"},"modified":"2015-09-30T15:15:19","modified_gmt":"2015-09-30T15:15:19","slug":"equipa","status":"publish","type":"page","link":"https:\/\/aecg.pt\/projetoilewa\/equipa\/","title":{"rendered":"Equipa"},"content":{"rendered":"<p><strong>Gra\u00e7a Carvalha<\/strong> &#8211; Diretora do Agrupamento;<\/p>\n<p><strong>Maria Jos\u00e9 Monteiro<\/strong> &#8211; Adjunta de Dire\u00e7\u00e3o; Coordenadora do Projeto;<\/p>\n<p><strong>Jo\u00e3o Bispo &#8211;<\/strong> Coordenador de Estabelecimento;<\/p>\n<p><strong>Jo\u00e3o Proen\u00e7a<\/strong> Coordenador Interconcelhio da Rede de Bibliotecas Escolares;Coordenador de sec\u00e7\u00e3o de EMRC;<\/p>\n<p><strong>Teresa Pombo<\/strong> &#8211; Formadora na \u00e1rea das Tecnologias, requisitada a tempo parcial na Dire\u00e7\u00e3o-Geral da Educa\u00e7\u00e3o.<\/p>\n<p><strong>Elisabete Gomes<\/strong> &#8211; Equipa de Coordena\u00e7\u00e3o da Biblioteca Escolar.<\/p>\n<p><strong>Helena Ser\u00f4dio<\/strong> &#8211; Coordenadora do Projeto Eco Escolas e Projeto de Educa\u00e7\u00e3o para a Sa\u00fade &#8211; Re&#8230;Conhecer;<\/p>\n<p><strong>Maria do C\u00e9u Oliveira &#8211;<\/strong> Coordenadora do Departamento de CSH e Projeto de Educa\u00e7\u00e3o para a Sa\u00fade &#8211; Re&#8230;Conhecer.<\/p>\n","protected":false},"excerpt":{"rendered":"<p>Gra\u00e7a Carvalha &#8211; Diretora do Agrupamento; Maria Jos\u00e9 Monteiro &#8211; Adjunta de Dire\u00e7\u00e3o; Coordenadora do Projeto; Jo\u00e3o Bispo &#8211; Coordenador de Estabelecimento; Jo\u00e3o Proen\u00e7a Coordenador Interconcelhio da Rede de Bibliotecas Escolares;Coordenador de sec\u00e7\u00e3o de EMRC; Teresa Pombo &#8211; Formadora na \u00e1rea das Tecnologias, requisitada a tempo parcial na Dire\u00e7\u00e3o-Geral da Educa\u00e7\u00e3o. Elisabete Gomes &#8211; Equipa [&hellip;]<\/p>\n","protected":false},"author":1,"featured_media":0,"parent":0,"menu_order":6,"comment_status":"open","ping_status":"closed","template":"","meta":{"footnotes":""},"class_list":["post-13","page","type-page","status-publish","hentry"],"_links":{"self":[{"href":"https:\/\/aecg.pt\/projetoilewa\/wp-json\/wp\/v2\/pages\/13","targetHints":{"allow":["GET"]}}],"collection":[{"href":"https:\/\/aecg.pt\/projetoilewa\/wp-json\/wp\/v2\/pages"}],"about":[{"href":"https:\/\/aecg.pt\/projetoilewa\/wp-json\/wp\/v2\/types\/page"}],"author":[{"embeddable":true,"href":"https:\/\/aecg.pt\/projetoilewa\/wp-json\/wp\/v2\/users\/1"}],"replies":[{"embeddable":true,"href":"https:\/\/aecg.pt\/projetoilewa\/wp-json\/wp\/v2\/comments?post=13"}],"version-history":[{"count":2,"href":"https:\/\/aecg.pt\/projetoilewa\/wp-json\/wp\/v2\/pages\/13\/revisions"}],"predecessor-version":[{"id":58,"href":"https:\/\/aecg.pt\/projetoilewa\/wp-json\/wp\/v2\/pages\/13\/revisions\/58"}],"wp:attachment":[{"href":"https:\/\/aecg.pt\/projetoilewa\/wp-json\/wp\/v2\/media?parent=13"}],"curies":[{"name":"wp","href":"https:\/\/api.w.org\/{rel}","templated":true}]}}

<p><strong>Graça Carvalha</strong> &#8211; Diretora do Agrupamento;</p>
<p><strong>Maria José Monteiro</strong> &#8211; Adjunta de Direção; Coordenadora do Projeto;</p>
<p><strong>João Bispo &#8211;</strong> Coordenador de Estabelecimento;</p>
<p><strong>João Proença</strong> Coordenador Interconcelhio da Rede de Bibliotecas Escolares;Coordenador de secção de EMRC;</p>
<p><strong>Teresa Pombo</strong> &#8211; Formadora na área das Tecnologias, requisitada a tempo parcial na Direção-Geral da Educação.</p>
<p><strong>Elisabete Gomes</strong> &#8211; Equipa de Coordenação da Biblioteca Escolar.</p>
<p><strong>Helena Serôdio</strong> &#8211; Coordenadora do Projeto Eco Escolas e Projeto de Educação para a Saúde &#8211; Re&#8230;Conhecer;</p>
<p><strong>Maria do Céu Oliveira &#8211;</strong> Coordenadora do Departamento de CSH e Projeto de Educação para a Saúde &#8211; Re&#8230;Conhecer.</p>

<p>Graça Carvalha &#8211; Diretora do Agrupamento; Maria José Monteiro &#8211; Adjunta de Direção; Coordenadora do Projeto; João Bispo &#8211; Coordenador de Estabelecimento; João Proença Coordenador Interconcelhio da Rede de Bibliotecas Escolares;Coordenador de secção de EMRC; Teresa Pombo &#8211; Formadora na área das Tecnologias, requisitada a tempo parcial na Direção-Geral da Educação. Elisabete Gomes &#8211; Equipa [&hellip;]</p>
