{"id":121,"date":"2023-10-24T01:00:40","date_gmt":"2023-10-24T00:00:40","guid":{"rendered":"https:\/\/aecg.pt\/maisaecg\/?page_id=121"},"modified":"2023-12-04T16:09:58","modified_gmt":"2023-12-04T15:09:58","slug":"mobilidades","status":"publish","type":"page","link":"https:\/\/aecg.pt\/maisaecg\/mobilidades\/","title":{"rendered":"Mobilidades"},"content":{"rendered":"\n<div class=\"wp-block-columns is-layout-flex wp-container-core-columns-is-layout-28f84493 wp-block-columns-is-layout-flex\">\n<div class=\"wp-block-column is-layout-flow wp-block-column-is-layout-flow\" style=\"border-style:none;border-width:0px\">\n<p class=\"has-accent-color has-text-color has-link-color has-upper-heading-font-size wp-elements-776753554d89f8be577bfe68f88ab416\"><strong>Informa\u00e7\u00e3o<\/strong><\/p>\n\n\n\n<p>Antes de <a href=\"https:\/\/forms.gle\/uxrukaECbNgDht769\" target=\"_blank\" aria-label=\"submeter (opens in a new tab)\" rel=\"noreferrer noopener\" class=\"ek-link\">submeter<\/a> a sua candidatura, deve ler com aten\u00e7\u00e3o os <a href=\"https:\/\/aecg.pt\/maisaecg\/objetivos\/\" class=\"ek-link\">objetivos<\/a> do projeto.<\/p>\n\n\n\n<p>Consulte tamb\u00e9m as <a href=\"https:\/\/aecg.pt\/maisaecg\/blog\/\" class=\"ek-link\">not\u00edcias<\/a> j\u00e1 publicadas e os <a href=\"#CRIT-STAFF\" class=\"ek-link\">crit\u00e9rios de sele\u00e7\u00e3o<\/a>. <\/p>\n\n\n\n<p>S\u00e3o permitidos dois tipos de mobilidade:<\/p>\n\n\n\n<ul class=\"wp-block-list\">\n<li>Cursos estruturados<\/li>\n\n\n\n<li>Job shadowing<\/li>\n<\/ul>\n<\/div>\n<\/div>\n\n\n\n<hr class=\"wp-block-separator has-alpha-channel-opacity is-style-wide\"\/>\n\n\n\n<div class=\"wp-block-columns is-layout-flex wp-container-core-columns-is-layout-28f84493 wp-block-columns-is-layout-flex\">\n<div class=\"wp-block-column is-layout-flow wp-block-column-is-layout-flow\">\n<p class=\"has-accent-color has-text-color has-link-color has-upper-heading-font-size wp-elements-46e4180f308160db58a3795c77532e62\" id=\"CRIT-STAFF\"><strong>Crit\u00e9rios de sele\u00e7\u00e3o<\/strong><\/p>\n\n\n\n<ul class=\"wp-block-list\">\n<li>Adequa\u00e7\u00e3o da mobilidade desejada ao grupo de recrutamento ou ao cargo (Ex: diretor de turma, coordenador, etc.) e respetiva fundamenta\u00e7\u00e3o: <strong>20 pontos<\/strong><\/li>\n\n\n\n<li>Adequa\u00e7\u00e3o\/relev\u00e2ncia das atividades de prepara\u00e7\u00e3o propostas: <strong>20 pontos<\/strong><\/li>\n\n\n\n<li>Qualidade das propostas das atividades de dissemina\u00e7\u00e3o: <strong>25 pontos<\/strong><\/li>\n\n\n\n<li>N\u00e3o ter frequentado ainda uma atividade de forma\u00e7\u00e3o no estrangeiro neste agrupamento de escolas: <strong>10 pontos<\/strong><\/li>\n\n\n\n<li>Perten\u00e7a ao quadro da escola: <strong>5 pontos<\/strong><\/li>\n\n\n\n<li>Total: <strong>80 pontos<\/strong><\/li>\n<\/ul>\n\n\n\n<p class=\"has-accent-color has-text-color has-link-color wp-elements-49fb4ccee61de83e51ffcedf275dc9c6\"><strong>Outros crit\u00e9rios de pondera\u00e7\u00e3o para aceita\u00e7\u00e3o da mobilidade<\/strong><\/p>\n\n\n\n<ul class=\"wp-block-list\">\n<li>Crit\u00e9rio em caso de empate: ordem de chegada da candidatura, priorizam-se os colegas mais r\u00e1pidos a preencher e submeter este formul\u00e1rio<\/li>\n\n\n\n<li>Crit\u00e9rio de <strong>eventual <\/strong>exclus\u00e3o para uma determinada atividade: perten\u00e7a a um mesmo conselho de turma ou grupo disciplinar.<\/li>\n<\/ul>\n\n\n\n<hr class=\"wp-block-separator has-alpha-channel-opacity is-style-wide\"\/>\n\n\n\n<div class=\"wp-block-columns is-layout-flex wp-container-core-columns-is-layout-28f84493 wp-block-columns-is-layout-flex\">\n<div class=\"wp-block-column is-layout-flow wp-block-column-is-layout-flow\">\n<p class=\"has-accent-color has-text-color has-link-color has-upper-heading-font-size wp-elements-4b7836afa54fdff426bd5db443226b3f\"><strong>Candidatos selecionados<\/strong><\/p>\n\n\n\n<p><strong>Job Shadowing: Cro\u00e1cia &#8211; 06\/06\/2022 a 10\/06\/2022<\/strong><\/p>\n\n\n\n<ul class=\"wp-block-list\">\n<li>M\u00f3nica Lousa<\/li>\n\n\n\n<li>Odete Santos<\/li>\n\n\n\n<li>Sylvie Pereira<\/li>\n<\/ul>\n\n\n\n<p><strong>Curso estruturado: Cro\u00e1cia &#8211; 06\/06\/2022 a 10\/06\/2022<\/strong><\/p>\n\n\n\n<ul class=\"wp-block-list\">\n<li>Filomena Santos<\/li>\n\n\n\n<li>M\u00e1rio Fortuna<\/li>\n\n\n\n<li>Teresa Santos<\/li>\n\n\n\n<li>S\u00e9rgio Gon\u00e7alves<\/li>\n<\/ul>\n\n\n\n<p><strong>Curso estruturado: Gr\u00e9cia &#8211; 19\/09\/2022 a 23\/09\/2022<\/strong><\/p>\n\n\n\n<ul class=\"wp-block-list\">\n<li>Helena Ser\u00f4dio<\/li>\n\n\n\n<li>Maria Leonor Ramalho<\/li>\n\n\n\n<li>Maria Manuela Gabriel<\/li>\n<\/ul>\n\n\n\n<p><strong>Job shadowing: Espanha &#8211; 22\/05\/2023 a 26\/05\/2023<\/strong><\/p>\n\n\n\n<ul class=\"wp-block-list\">\n<li>Ana Catarina Santos<\/li>\n\n\n\n<li>Sofia Pi\u00e7arra<\/li>\n\n\n\n<li>Maria Filomena Santos<\/li>\n<\/ul>\n\n\n\n<p><strong>Curso estruturado: Malta &#8211; 12\/06\/2023 a 16\/06\/2023<\/strong><\/p>\n\n\n\n<ul class=\"wp-block-list\">\n<li>Cl\u00e1udia Corado<\/li>\n\n\n\n<li>Lucinda Dias<\/li>\n\n\n\n<li>Maria Helena Marcelo<\/li>\n\n\n\n<li>S\u00f3nia Soares<\/li>\n<\/ul>\n\n\n\n<p><strong>Curso estruturado: It\u00e1lia &#8211; 26\/06\/2023 a 01\/07\/2023<\/strong><\/p>\n\n\n\n<ul class=\"wp-block-list\">\n<li>Maria de F\u00e1tima Pires<\/li>\n\n\n\n<li>Rosa Maricato<\/li>\n<\/ul>\n\n\n\n<p><\/p>\n<\/div>\n<\/div>\n<\/div>\n<\/div>\n","protected":false},"excerpt":{"rendered":"<p>Informa\u00e7\u00e3o Antes de submeter a sua candidatura, deve ler com aten\u00e7\u00e3o os objetivos do projeto. Consulte tamb\u00e9m as not\u00edcias j\u00e1 publicadas e os crit\u00e9rios de sele\u00e7\u00e3o. S\u00e3o permitidos dois tipos de mobilidade: Crit\u00e9rios de sele\u00e7\u00e3o Outros crit\u00e9rios de pondera\u00e7\u00e3o para aceita\u00e7\u00e3o da mobilidade Candidatos selecionados Job Shadowing: Cro\u00e1cia &#8211; 06\/06\/2022 a 10\/06\/2022 Curso estruturado: Cro\u00e1cia [&hellip;]<\/p>\n","protected":false},"author":1,"featured_media":0,"parent":0,"menu_order":0,"comment_status":"closed","ping_status":"closed","template":"","meta":{"_editorskit_title_hidden":false,"_editorskit_reading_time":0,"_editorskit_is_block_options_detached":false,"_editorskit_block_options_position":"{}","_monsterinsights_skip_tracking":false,"_monsterinsights_sitenote_active":false,"_monsterinsights_sitenote_note":"","_monsterinsights_sitenote_category":0,"_uf_show_specific_survey":0,"_uf_disable_surveys":false,"footnotes":""},"class_list":["post-121","page","type-page","status-publish","hentry"],"_links":{"self":[{"href":"https:\/\/aecg.pt\/maisaecg\/wp-json\/wp\/v2\/pages\/121","targetHints":{"allow":["GET"]}}],"collection":[{"href":"https:\/\/aecg.pt\/maisaecg\/wp-json\/wp\/v2\/pages"}],"about":[{"href":"https:\/\/aecg.pt\/maisaecg\/wp-json\/wp\/v2\/types\/page"}],"author":[{"embeddable":true,"href":"https:\/\/aecg.pt\/maisaecg\/wp-json\/wp\/v2\/users\/1"}],"replies":[{"embeddable":true,"href":"https:\/\/aecg.pt\/maisaecg\/wp-json\/wp\/v2\/comments?post=121"}],"version-history":[{"count":64,"href":"https:\/\/aecg.pt\/maisaecg\/wp-json\/wp\/v2\/pages\/121\/revisions"}],"predecessor-version":[{"id":923,"href":"https:\/\/aecg.pt\/maisaecg\/wp-json\/wp\/v2\/pages\/121\/revisions\/923"}],"wp:attachment":[{"href":"https:\/\/aecg.pt\/maisaecg\/wp-json\/wp\/v2\/media?parent=121"}],"curies":[{"name":"wp","href":"https:\/\/api.w.org\/{rel}","templated":true}]}}

<div class="wp-block-columns is-layout-flex wp-container-core-columns-is-layout-28f84493 wp-block-columns-is-layout-flex">
<div class="wp-block-column is-layout-flow wp-block-column-is-layout-flow" style="border-style:none;border-width:0px">
<p class="has-accent-color has-text-color has-link-color has-upper-heading-font-size wp-elements-776753554d89f8be577bfe68f88ab416"><strong>Informação</strong></p>



<p>Antes de <a href="https://forms.gle/uxrukaECbNgDht769" target="_blank" aria-label="submeter (opens in a new tab)" rel="noreferrer noopener" class="ek-link">submeter</a> a sua candidatura, deve ler com atenção os <a href="https://aecg.pt/maisaecg/objetivos/" class="ek-link">objetivos</a> do projeto.</p>



<p>Consulte também as <a href="https://aecg.pt/maisaecg/blog/" class="ek-link">notícias</a> já publicadas e os <a href="#CRIT-STAFF" class="ek-link">critérios de seleção</a>. </p>



<p>São permitidos dois tipos de mobilidade:</p>



<ul class="wp-block-list">
<li>Cursos estruturados</li>



<li>Job shadowing</li>
</ul>
</div>
</div>



<hr class="wp-block-separator has-alpha-channel-opacity is-style-wide"/>



<div class="wp-block-columns is-layout-flex wp-container-core-columns-is-layout-28f84493 wp-block-columns-is-layout-flex">
<div class="wp-block-column is-layout-flow wp-block-column-is-layout-flow">
<p class="has-accent-color has-text-color has-link-color has-upper-heading-font-size wp-elements-46e4180f308160db58a3795c77532e62" id="CRIT-STAFF"><strong>Critérios de seleção</strong></p>



<ul class="wp-block-list">
<li>Adequação da mobilidade desejada ao grupo de recrutamento ou ao cargo (Ex: diretor de turma, coordenador, etc.) e respetiva fundamentação: <strong>20 pontos</strong></li>



<li>Adequação/relevância das atividades de preparação propostas: <strong>20 pontos</strong></li>



<li>Qualidade das propostas das atividades de disseminação: <strong>25 pontos</strong></li>



<li>Não ter frequentado ainda uma atividade de formação no estrangeiro neste agrupamento de escolas: <strong>10 pontos</strong></li>



<li>Pertença ao quadro da escola: <strong>5 pontos</strong></li>



<li>Total: <strong>80 pontos</strong></li>
</ul>



<p class="has-accent-color has-text-color has-link-color wp-elements-49fb4ccee61de83e51ffcedf275dc9c6"><strong>Outros critérios de ponderação para aceitação da mobilidade</strong></p>



<ul class="wp-block-list">
<li>Critério em caso de empate: ordem de chegada da candidatura, priorizam-se os colegas mais rápidos a preencher e submeter este formulário</li>



<li>Critério de <strong>eventual </strong>exclusão para uma determinada atividade: pertença a um mesmo conselho de turma ou grupo disciplinar.</li>
</ul>



<hr class="wp-block-separator has-alpha-channel-opacity is-style-wide"/>



<div class="wp-block-columns is-layout-flex wp-container-core-columns-is-layout-28f84493 wp-block-columns-is-layout-flex">
<div class="wp-block-column is-layout-flow wp-block-column-is-layout-flow">
<p class="has-accent-color has-text-color has-link-color has-upper-heading-font-size wp-elements-4b7836afa54fdff426bd5db443226b3f"><strong>Candidatos selecionados</strong></p>



<p><strong>Job Shadowing: Croácia &#8211; 06/06/2022 a 10/06/2022</strong></p>



<ul class="wp-block-list">
<li>Mónica Lousa</li>



<li>Odete Santos</li>



<li>Sylvie Pereira</li>
</ul>



<p><strong>Curso estruturado: Croácia &#8211; 06/06/2022 a 10/06/2022</strong></p>



<ul class="wp-block-list">
<li>Filomena Santos</li>



<li>Mário Fortuna</li>



<li>Teresa Santos</li>



<li>Sérgio Gonçalves</li>
</ul>



<p><strong>Curso estruturado: Grécia &#8211; 19/09/2022 a 23/09/2022</strong></p>



<ul class="wp-block-list">
<li>Helena Serôdio</li>



<li>Maria Leonor Ramalho</li>



<li>Maria Manuela Gabriel</li>
</ul>



<p><strong>Job shadowing: Espanha &#8211; 22/05/2023 a 26/05/2023</strong></p>



<ul class="wp-block-list">
<li>Ana Catarina Santos</li>



<li>Sofia Piçarra</li>



<li>Maria Filomena Santos</li>
</ul>



<p><strong>Curso estruturado: Malta &#8211; 12/06/2023 a 16/06/2023</strong></p>



<ul class="wp-block-list">
<li>Cláudia Corado</li>



<li>Lucinda Dias</li>



<li>Maria Helena Marcelo</li>



<li>Sónia Soares</li>
</ul>



<p><strong>Curso estruturado: Itália &#8211; 26/06/2023 a 01/07/2023</strong></p>



<ul class="wp-block-list">
<li>Maria de Fátima Pires</li>



<li>Rosa Maricato</li>
</ul>



<p></p>
</div>
</div>
</div>
</div>

<p>Informação Antes de submeter a sua candidatura, deve ler com atenção os objetivos do projeto. Consulte também as notícias já publicadas e os critérios de seleção. São permitidos dois tipos de mobilidade: Critérios de seleção Outros critérios de ponderação para aceitação da mobilidade Candidatos selecionados Job Shadowing: Croácia &#8211; 06/06/2022 a 10/06/2022 Curso estruturado: Croácia [&hellip;]</p>
